{"id":4247,"date":"2023-06-02T13:39:23","date_gmt":"2023-06-02T13:39:23","guid":{"rendered":"https:\/\/b-unit.shop\/?post_type=product&#038;p=4247"},"modified":"2024-02-12T11:31:17","modified_gmt":"2024-02-12T11:31:17","slug":"hoodies-streets-oversize-green","status":"publish","type":"product","link":"https:\/\/b-unit.shop\/?product=hoodies-streets-oversize-green","title":{"rendered":"Hoodies Streets Oversize (Jade Green)"},"content":{"rendered":"<p>Marcamos diferencias: Entrega de 10\/14 d\u00edas laborables. Posiblemente la sudadera m\u00e1s vers\u00e1til y cualitativa de estos tiempos. Algod\u00f3n peinado RINGSPUN Mayor suavidad al tacto. Fabricada con Algod\u00f3n Org\u00e1nico, m\u00e1s ecol\u00f3gico y \u00e9tico. 85 % algod\u00f3n org\u00e1nico y 15 % poli\u00e9ster reciclado post-consumer. Peso 300 grs\/m2. Recomendaci\u00f3n de lavado en fr\u00edo, secado al aire. Unisex Corte oversize con hombros ca\u00eddos Felpa perchada de 3 hilos con tratamiento LSF (Low Shrinkage Fleece) Interior perchado Media luna en la espalda Capucha forrada en el material principal Bolsillos laterales minimalistas, con pespunte. Canal\u00e9 2*1 en cuello, bajo de la prenda y bajo de las de mangas Doble pespunte superpuesto a la costura en el bajo de la prenda y el bajo de las mangas Cuello con cubrecosturas en forma de espiga en la parte interior.<\/p>\n","protected":false},"excerpt":{"rendered":"<p>HOODIES Modelo STREETS Ultimate Edition by B-UNITED, como su nombre indica, es la Sudadera definitiva cuidando hasta el \u00faltimo detalle, para tu d\u00eda a d\u00eda, comp\u00e1rtela con esa amistad \u00fanica, longeva e inquebrantable que tengas. Sella esa amistad con tu Bro. Serie exclusivas a tiradas limitadas, todo un lujo de detalles aplicaciones de bordados, serigraf\u00edas, etc\u2026cuidamos hasta el \u00faltimo detalle. se produce bajo demanda, consciente de nuestro entorno y medioambiente. Cuido de Ti, cuidas de M\u00ed.<\/p>\n","protected":false},"featured_media":4738,"comment_status":"closed","ping_status":"closed","template":"","meta":[],"product_cat":[161],"product_tag":[],"acf":[],"_links":{"self":[{"href":"https:\/\/b-unit.shop\/index.php?rest_route=\/wp\/v2\/product\/4247"}],"collection":[{"href":"https:\/\/b-unit.shop\/index.php?rest_route=\/wp\/v2\/product"}],"about":[{"href":"https:\/\/b-unit.shop\/index.php?rest_route=\/wp\/v2\/types\/product"}],"replies":[{"embeddable":true,"href":"https:\/\/b-unit.shop\/index.php?rest_route=%2Fwp%2Fv2%2Fcomments&post=4247"}],"wp:featuredmedia":[{"embeddable":true,"href":"https:\/\/b-unit.shop\/index.php?rest_route=\/wp\/v2\/media\/4738"}],"wp:attachment":[{"href":"https:\/\/b-unit.shop\/index.php?rest_route=%2Fwp%2Fv2%2Fmedia&parent=4247"}],"wp:term":[{"taxonomy":"product_cat","embeddable":true,"href":"https:\/\/b-unit.shop\/index.php?rest_route=%2Fwp%2Fv2%2Fproduct_cat&post=4247"},{"taxonomy":"product_tag","embeddable":true,"href":"https:\/\/b-unit.shop\/index.php?rest_route=%2Fwp%2Fv2%2Fproduct_tag&post=4247"}],"curies":[{"name":"wp","href":"https:\/\/api.w.org\/{rel}","templated":true}]}}